 Give k(7).
86
Let r(v) = 566*v - 22077. Calculate r(39).
-3
Let q(f) = 2*f**2 - 98352*f + 491744. Calculate q(5).
34
Let h(c) = -15*c**2 + 260*c - 63. What is h(9)?
1062
Let s(r) = -38*r**2 - 326*r + 172. Determine s(-9).
28
Let h(k) = k**3 - 477*k**2 + 941*k + 4238. Determine h(475).
-37
Let m(w) = 2*w**3 - 44*w**2 - 26*w + 151. Give m(23).
611
Let l(m) = 16510*m. Calculate l(0).
0
Let s(q) = -q**3 - 342*q**2 + 11158*q - 774. What is s(-372)?
-30
Let l(k) = -10*k**3 - 379*k**2 + 34*k - 68. What is l(-38)?
84
Let c(x) = -2*x**2 + 400*x + 15627. What is c(-34)?
-285
Let p(a) = 42*a**3 + 2*a**2 - 46*a + 135. Give p(3).
1149
Let d(a) = 45606*a - 228010. Calculate d(5).
20
Let q(i) = -15*i**3 + 300*i**2 - 39*i - 19. What is q(20)?
-799
Let f(o) = -o**3 + 30*o**2 + 86*o + 2. Determine f(33).
-427
Let b(p) = 46*p**2 - 2642*p - 33050. Calculate b(68).
-2
Let k(r) = -98*r**2 + 4850*r - 217. Determine k(50).
-2717
Let l(v) = 52*v**3 - 56*v**2 - 43*v + 42. What is l(1)?
-5
Let p(t) = t**2 + 80*t + 942. What is p(-67)?
71
Let z(c) = -223*c + 2414. Give z(10).
184
Let n(t) = -48676*t - 827500. What is n(-17)?
-8
Let t(i) = 5*i**3 + 94*i**2 - 51*i + 340. What is t(-19)?
948
Let x(r) = -r**2 - 12156*r - 206345. Determine x(-17).
18
Let p(a) = -3488*a + 13964. Give p(4).
12
Let l(f) = -22*f**3 - 219*f**2 + 9*f - 21. What is l(-10)?
-11
Let i(v) = 16*v**2 - 6493*v - 1066. What is i(406)?
152
Let m(j) = 39*j**3 - 7*j**2 - 25*j + 2. Give m(5).
4577
Let j(n) = 126*n**3 + 3154*n**2 + 104*n + 104. What is j(-25)?
4
Let q(l) = l**3 + 180*l**2 - 882*l + 7942. Give q(-185).
-13
Let a(w) = -7276*w - 130940. Give a(-18).
28
Let s(i) = i**3 + 9*i**2 + 799*i + 5661. Determine s(-7).
166
Let t(a) = -18902*a + 2230407. Calculate t(118).
-29
Let i(n) = 46*n**2 - 1588*n + 3170. Calculate i(2).
178
Let n(j) = -2*j**2 - 266*j - 9853. Calculate n(-102).
-3529
Let s(h) = 4*h**3 - 4*h**2 - 132*h - 531. Calculate s(-6).
-747
Let j(s) = 56238*s + 225210. Determine j(-4).
258
Let c(d) = d**3 - 17*d**2 - 380*d + 212. What is c(29)?
-716
Let c(y) = -y**3 - 27*y**2 - 67*y - 1705. Determine c(-27).
104
Let q(b) = -2502*b - 55015. Give q(-22).
29
Let i(t) = 1020*t + 234487. What is i(-230)?
-113
Let z(g) = -2*g**3 - 49*g**2 - 753*g - 8504. Determine z(-17).
-38
Let d(n) = -4*n**3 + 164*n**2 + 162*n + 348. What is d(42)?
96
Let b(k) = -2*k**3 + 30*k**2 + 23*k - 655. Determine b(14).
59
Let a(p) = -41*p**3 - 10*p**2 + 5*p + 29. Calculate a(-4).
2473
Let k(j) = 5941*j - 23769. Calculate k(4).
-5
Let h(w) = 39*w**2 - 2639*w + 18382. Give h(7).
1820
Let t(g) = 17630*g - 88151. Give t(5).
-1
Let c(v) = 8*v**2 - 594*v - 417. Give c(73).
-1147
Let m(s) = 2546*s - 12971. What is m(5)?
-241
Let i(c) = -7866*c - 416899. Determine i(-53).
-1
Let m(v) = 8*v**3 - 9*v**2 + 58*v + 234. What is m(-4)?
-654
Let x(g) = 7*g**2 + 848*g - 118572. Calculate x(-204).
-252
Let v(z) = 33*z**3 + 828*z**2 + 8*z - 1497. Determine v(-25).
178
Let j(f) = -3*f**2 + 176*f + 2416. Determine j(-16).
-1168
Let c(b) = 177*b + 2335. What is c(-18)?
-851
Let q(l) = -142*l**2 - 551*l + 28. Determine q(-4).
-40
Let q(z) = z**3 + 6*z**2 + 23*z + 108. Calculate q(-5).
18
Let h(u) = 1068*u - 429329. Determine h(402).
7
Let d(s) = -s**2 - 245*s - 6161. Give d(-34).
1013
Let f(a) = a**3 - 62*a**2 + 286*a - 8909. Determine f(60).
1051
Let d(s) = 549*s - 619. Determine d(3).
1028
Let u(n) = -2*n**3 - 7*n**2 - 13*n - 24. Calculate u(-5).
116
Let n(r) = -11823*r - 93935. Give n(-8).
649
Let r(x) = 84*x**3 - x**2 - 69*x - 138. Determine r(-2).
-676
Let b(g) = -84501*g - 338022. Give b(-4).
-18
Let h(d) = 2084*d**2 - 12517*d + 71. What is h(6)?
-7
Let b(c) = -2*c**3 - 144*c**2 + 21*c + 2634. Give b(-72).
1122
Let a(d) = 2*d**3 + 51*d**2 - 244*d - 2954. Calculate a(-28).
-42
Let p(o) = 130*o - 6712. Give p(52).
48
Let d(b) = -24127*b - 14234938. What is d(-590)?
-8
Let s(r) = -r**3 - 115*r**2 - 1517*r - 1779. Calculate s(-100).
-79
Let k(t) = 43*t**2 + 206*t - 6387. Give k(10).
-27
Let u(i) = -1436*i - 110879. Give u(-77).
-307
Let x(w) = -101159*w - 3540562. Determine x(-35).
3
Let b(i) = 344*i - 53292. What is b(148)?
-2380
Let p(t) = -11935*t - 34901. Determine p(-3).
904
Let q(j) = -j**2 - 256*j + 35908. Give q(100).
308
Let n(t) = -t**3 - 73*t**2 + 4582*t - 2450. Determine n(40).
30
Let c(o) = -68*o**3 - 4827*o**2 + 77*o + 210. Calculate c(-71).
-216
Let w(m) = 63*m**2 + 69*m - 780. Give w(3).
-6
Let u(j) = 3*j**2 - 1816*j - 5469. What is u(-3)?
6
Let k(n) = 4*n**2 + 1595*n + 111146. What is k(-90)?
-4
Let b(m) = 2533*m**2 + 10094*m + 29. Calculate b(-4).
181
Let f(m) = 29*m**2 - 92*m + 326. Calculate f(8).
1446
Let o(b) = -287*b - 6292. Determine o(-20).
-552
Let b(o) = 2*o**2 + 22180*o - 644902. What is b(29)?
0
Let h(w) = 34*w**2 + 554*w + 1723. Give h(-12).
-29
Let o(a) = 4376*a + 1549101. Calculate o(-354).
-3
Let w(v) = -v**3 + 49*v**2 - 1447*v + 63700. Calculate w(47).
109
Let a(o) = o**3 - 191*o**2 - 980*o - 133. Give a(196).
-133
Let f(y) = -10*y**3 - 1899*y**2 - 1708*y - 1082. Calculate f(-189).
241
Let f(p) = 217*p**3 + 70*p**2 - 54*p - 168. Calculate f(2).
1740
Let u(o) = 5*o - 317. Give u(7).
-282
Let i(y) = -2*y**2 + 904*y - 3577. What is i(4)?
7
Let z(m) = -11475*m + 67117. Calculate z(6).
-1733
Let k(z) = 12157*z + 4352244. Give k(-358).
38
Let p(s) = s**2 + 159*s + 6052. Give p(-76).
-256
Let r(x) = 76753*x + 36764692. Calculate r(-479).
5
Let j(x) = -x**2 - 11753*x - 2706729. What is j(-235)?
1
Let j(c) = 38178*c + 534470. Determine j(-14).
-22
Let x(u) = -u**3 + 239*u**2 - 13592*u + 16385. Determine x(90).
5
Let d(o) = o**2 - 71814*o + 4807049. Give d(67).
0
Let j(r) = -2*r**2 + 999*r + 55327. What is j(-50)?
377
Let y(o) = -o**3 - 10*o**2 + 347*o + 4023. Calculate y(-13).
19
Let w(r) = -181*r - 14255. Give w(-79).
44
Let m(a) = -26635*a - 1331836. Give m(-50).
-86
Let f(o) = -3852*o + 11716. Give f(3).
160
Let z(w) = w**2 + 19594*w - 117613. What is z(6)?
-13
Let b(g) = -233*g - 3078. Determine b(-11).
-515
Let t(p) = -p**3 + 4*p**2 + 799*p - 70. Determine t(-26).
-564
Let c(w) = -8*w**3 - 269*w**2 - 1118*w - 122. Give c(-4).
558
Let u(f) = -f**3 - 50*f**2 - 28*f + 429. Determine u(-49).
-600
Let x(n) = n**2 + 7677*n - 6550303. What is x(775)?
-3
Let g(l) = -2*l**3 - 70*l**2 + 82*l + 744. What is g(-35)?
-2126
Let t(v) = 20*v**2 - 803*v - 684. Calculate t(41).
13
Let u(m) = -31*m**2 + 387*m + 2338. Give u(-6).
-1100
Let r(d) = 2*d**3 - 63*d**2 - 126*d + 423. Give r(33).
-468
Let j(s) = -s**3 + 23*s**2 + 244*s - 4843. Determine j(25).
7
Let m(q) = q**3 - 24*q**2 + 90*q - 1728. What is m(24)?
432
Let f(d) = -52*d - 4914. Determine f(-90).
-234
Let u(m) = -m**2 - 181*m + 28431. What is u(101)?
-51
Let k(y) = -2*y**3 - 1016*y**2 + 704*y - 159838. What is k(-509)?
-12
Let b(w) = -13*w**2 + 1918*w + 174066. Calculate b(211).
-9
Let n(x) = -2*x**2 + 2339*x + 585759. Determine n(-212).
3
Let p(k) = k**3 - 12*k**2 - 23*k + 200. Calculate p(12).
-76
Let h(m) = 1007*m - 94634. Determine h(94).
24
Let f(q) = 282*q - 7942. Give f(28).
-46
Let p(d) = -d**2 + 519*d + 498863. Determine p(-493).
-53
Let t(r) = -r**3 - 25*r**2 + 2430*r + 15298. Calculate t(-6).
34
Let c(b) = 10*b**2 - 190*b + 15. Calculate c(26).
1835
Let v(o) = 337*o + 12059. Determine v(-36).
-73
Let r(z) = 162*z - 7115. Give r(48).
661
Let d(u) = -2*u**3 + 109*u**2 + 119*u - 1040. Determine d(55).
2480
Let h(s) = 1132176*s + 2264350. Determine h(-2).
-2
Let y(a) = -70*a + 13185. Give y(136).
3665
Let h(l) = -47*l**3 - 6487*l**2 - 228*l - 12413. Determine h(-138).
7
Let j(l) = l**2 + 1281*l + 48872. Determine j(-40).
-768
Let x(f) = 3*f**3 + 15*f**2 - 91*f + 99. Determine x(-8).
251
Let y(z) = -617*z**2 + 15302*z + 3098. What is y(25)?
23
Let y(q) = 3635*q - 22014. Determine y(6).
-204
Let q(z) = -z**3 - 312*z**2 - 629*z - 2663. Give q(-310).
127
Let t(h) = -37*h - 1199. What is t(-73)?
1502
Let g(u) = u**3 + 25*u**2 - 36*u - 13. Give g(-27).
-499
Let i(d) = d**3 + 21*d**2 + 62*d + 1146. What is i(-17)?
1248
Let u(p) = p**3 - 235*p**2 + 13377*p - 4587. What is u(139)?
0
Let q(g) = -103*g - 4027. What is q(-38)?
-113
Let f(j) = -2*j**3 + 13*j**2 + 67*j - 450. Give f(5).
-40
Let z(q) = -816*q + 7986. Give z(10).
-174
Let r(s) = 2*s**3 + 8*s**2 - 964*s - 69. De